{"id":1182,"date":"2014-03-23T14:09:12","date_gmt":"2014-03-23T12:09:12","guid":{"rendered":"http:\/\/marathon.hauger-vs.de\/?page_id=1182"},"modified":"2023-11-03T18:17:10","modified_gmt":"2023-11-03T17:17:10","slug":"prag-marathon","status":"publish","type":"page","link":"https:\/\/innovationsland.de\/marathon\/meine-unsere-marathons\/prag-marathon\/","title":{"rendered":"Prag-Marathon (1x)"},"content":{"rendered":"\n<p>Durch die Stra\u00dfen und verschiedene Viertel der Goldenen Stadt, Querung der Moldau \u00fcber die Karlsbr\u00fccke und entlang der Moldau.<\/p>\n\n\n\n<p>Sehensw\u00fcrdigkeiten sind z.B.: Tanzendes Haus, Judenviertel, Dom, Zweit\u00e4lteste, geschlossene Burg weltweit -s. Prager Fenstersturz-.<\/p>\n\n\n<p class=\"copy-shortcode tipsy-tooltip\"><div id=\"metaslider-id-5780\" style=\"width: 100%;\" class=\"ml-slider-3-107-0 metaslider metaslider-flex metaslider-5780 ml-slider has-dots-nav ms-theme-default\" role=\"region\" aria-label=\"Prag\" data-height=\"400\" data-width=\"700\">\n    <div id=\"metaslider_container_5780\">\n        <div id=\"metaslider_5780\">\n            <ul class='slides'>\n                <li style=\"display: block; width: 100%;\" class=\"slide-5781 ms-image \" aria-roledescription=\"slide\" data-date=\"2022-07-28 08:50:00\" data-filename=\"P5210005-300x225-1-300x171.jpg\" data-slide-type=\"image\"><img loading=\"lazy\" decoding=\"async\" src=\"https:\/\/innovationsland.de\/marathon\/wp-content\/uploads\/sites\/18\/2023\/11\/P5210005-300x225-1-300x171.jpg\" height=\"400\" width=\"700\" alt=\"\" class=\"slider-5780 slide-5781 msDefaultImage\" title=\"OLYMPUS DIGITAL CAMERA\" \/><\/li>\n                <li style=\"display: none; width: 100%;\" class=\"slide-5784 ms-image \" aria-roledescription=\"slide\" data-date=\"2022-07-28 08:50:01\" data-filename=\"IMG_1495-500x285.jpg\" data-slide-type=\"image\"><img loading=\"lazy\" decoding=\"async\" src=\"https:\/\/innovationsland.de\/marathon\/wp-content\/uploads\/sites\/18\/2023\/11\/IMG_1495-500x285.jpg\" height=\"400\" width=\"700\" alt=\"\" class=\"slider-5780 slide-5784 msDefaultImage\" title=\"IMG_1495\" \/><div class=\"caption-wrap\"><div class=\"caption\">2005<\/div><\/div><\/li>\n            <\/ul>\n        <\/div>\n        \n    <\/div>\n<\/div><\/p>\n<p><span style=\"text-decoration: underline;\">Informationen<\/span>:&nbsp; <a href=\"https:\/\/de.wikipedia.org\/wiki\/Prag-Marathon\" target=\"_blank\" rel=\"noopener\">https:\/\/de.wikipedia.org\/wiki\/Prag-Marathon<\/a>&nbsp;&nbsp;&nbsp; <span style=\"text-decoration: underline;\">Offizielle Webseite<\/span>:&nbsp; <a href=\"http:\/\/www.runczech.com\/de\/\" target=\"_blank\" rel=\"noopener\">http:\/\/www.runczech.com\/de\/<\/a><\/p>\n<hr>","protected":false},"excerpt":{"rendered":"<p>Durch die Stra\u00dfen und verschiedene Viertel der Goldenen Stadt, Querung der Moldau \u00fcber die Karlsbr\u00fccke und entlang der Moldau. Sehensw\u00fcrdigkeiten sind z.B.: Tanzendes Haus, Judenviertel, Dom, Zweit\u00e4lteste, geschlossene Burg weltweit -s. Prager Fenstersturz-. Informationen:&nbsp; https:\/\/de.wikipedia.org\/wiki\/Prag-Marathon&nbsp;&nbsp;&nbsp; Offizielle Webseite:&nbsp; http:\/\/www.runczech.com\/de\/<\/p>\n","protected":false},"author":1,"featured_media":0,"parent":1875,"menu_order":60,"comment_status":"closed","ping_status":"closed","template":"","meta":{"footnotes":""},"class_list":["post-1182","page","type-page","status-publish","hentry","post"],"_links":{"self":[{"href":"https:\/\/innovationsland.de\/marathon\/wp-json\/wp\/v2\/pages\/1182","targetHints":{"allow":["GET"]}}],"collection":[{"href":"https:\/\/innovationsland.de\/marathon\/wp-json\/wp\/v2\/pages"}],"about":[{"href":"https:\/\/innovationsland.de\/marathon\/wp-json\/wp\/v2\/types\/page"}],"author":[{"embeddable":true,"href":"https:\/\/innovationsland.de\/marathon\/wp-json\/wp\/v2\/users\/1"}],"replies":[{"embeddable":true,"href":"https:\/\/innovationsland.de\/marathon\/wp-json\/wp\/v2\/comments?post=1182"}],"version-history":[{"count":0,"href":"https:\/\/innovationsland.de\/marathon\/wp-json\/wp\/v2\/pages\/1182\/revisions"}],"up":[{"embeddable":true,"href":"https:\/\/innovationsland.de\/marathon\/wp-json\/wp\/v2\/pages\/1875"}],"wp:attachment":[{"href":"https:\/\/innovationsland.de\/marathon\/wp-json\/wp\/v2\/media?parent=1182"}],"curies":[{"name":"wp","href":"https:\/\/api.w.org\/{rel}","templated":true}]}}